**2 + 3*v - 3. Let p be d(2). Let o be 13 + (-7 - 6/(-2)). Let u(x) = o - 10*x - 10*x - 18*x + 36*x. Give u(p).
-5
Let a(q) = -135*q**2. Let f be a(-1). Let g = -124 - f. Let l(j) = -j**2 + 12*j - 14. What is l(g)?
-3
Let j(v) be the first derivative of -3*v**2/2 - 3*v - 2. Suppose -5*w - 11 = -2*i, -4*i - 22*w = -21*w + 11. Determine j(i).
3
Suppose 2*u - 7*u + 40 = 4*b, -2*u + 28 = 4*b. Suppose 4*f + 44 = -4*c, 3*f + 0*c = b*c + 7. Let t(w) = w**3 + 5*w**2 - 8*w - 9. What is t(f)?
3
Let b(q) = q**3 - 4*q**2 + 2*q + 3. Let o be b(3). Suppose 2*t - 5*t = o. Let s(v) = 3*v**3 - 5*v**3 + 2*v**3 + v**2 + v**3. Determine s(t).
0
Let b be ((-3)/(-5))/(2/10). Let h(v) = -b*v + 7 - 2*v + 6*v - v**2. Let c be h(-3). Let t(z) = -z**2 - 5*z + 7. Give t(c).
7
Let a(b) be the second derivative of -b**4/12 - b**3/2 - 5*b**2/2 - 2*b - 4. Determine a(-4).
-9
Let s(a) be the third derivative of a**6/120 + a**5/10 - a**4/3 - 5*a**3/6 - 33*a**2. Give s(-7).
2
Let o(t) = -2*t - 3. Let z(r) = -r**3 - 8*r**2 + 2*r + 14. Let j be z(-8). Let b be (1 - j)/((-45)/60). Give o(b).
5
Suppose 0 = -3*r - f + 65, -3*f = -3*r - r + 78. Let o(y) = y**2 - 23*y + 39. Give o(r).
-3
Let n(i) = i**3 - 11*i**2 + 9*i + 13. Let t be 2 - 17/8 - 1053/(-104). Calculate n(t).
3
Let s(i) = -4 - 16*i**2 - 3*i + 2*i**2 + i**2 + 12*i**2. Suppose -5*n + 0 = -10. Suppose -20 = 4*m, -p + 2*m = m - n. What is s(p)?
-4
Let z(a) = a**3 - 13*a**2 + 13*a - 17. Let r be 6/(-18)*(3 + -39). Calculate z(r).
-5
Let k(h) = -10*h - 37. Let r be k(-4). Let w(z) = -z**3 + 3*z**2 - 3. Determine w(r).
-3
Let v(z) = -3*z**3 + z**2 - 1. Let c be v(-1). Let a(h) = h**2 - 6*h + 5. Let r be a(c). Let g(i) = 3*i + 1. Give g(r).
-11
Let w(m) = -m**3 - 5*m**2 + 6. Let x be w(-5). Let q(n) be the second derivative of 1/2*n**3 - 3*n - 4*n**2 + 0. What is q(x)?
10
Let i(v) = v**2 - 9*v - 9. Suppose z - 3 - 4 = -3*y, -3*z + 21 = 2*y. Determine i(z).
-23
Let j(g) = g**2 - g + 1. Suppose -12 - 3 = -f. Suppose 2*b = -2*b - 5*h + 15, 5*b + f = 5*h. Suppose 2*l + 2*l - 4 = b. What is j(l)?
1
Let l(k) be the third derivative of k**5/60 + 7*k**4/24 + k**3/3 + k**2 + 25*k. Give l(-4).
-10
Let n(s) be the second derivative of 4*s**3/3 + s**2/2 - 5*s + 8. What is n(-1)?
-7
Let a(p) be the third derivative of 10*p**2 + 0 + 0*p - 1/60*p**5 - 1/4*p**4 + 7/6*p**3. Determine a(-6).
7
Suppose 10*s - 52 = 62*s. Let c(o) = 39*o**3 - 2*o - 1. What is c(s)?
-38
Suppose -7*i + i + 36 = 0. Suppose 2*c = -i - 4. Let m(u) be the first derivative of u**3/3 + 5*u**2/2 + 6*u - 14. What is m(c)?
6
Let i(p) = 6 - 2*p**2 - 11 + 2*p**2 + p**2 + 5*p. Suppose 6*q + 18 + 12 = 0. What is i(q)?
-5
Let j(x) be the third derivative of -5*x**4/24 + x**3 - 10*x**2. Let f(b) = b - 1. Let i(g) = 6*f(g) + j(g). What is i(-4)?
-4
Let o(n) = 5*n + 3. Let h(t) = 19*t + 13. Let g(w) = 2*h(w) - 9*o(w). Suppose k = -0*k + 1. Give g(k).
-8
Let t(r) = -r**2 + 3*r - 3. Let u be t(2). Let f(d) = -6*d + 9*d - 12*d. Let k(g) = -28*g. Let m(o) = 16*f(o) - 5*k(o). Calculate m(u).
4
Let q(n) be the third derivative of 3*n**6/40 + n**4/24 + 390*n**2. What is q(-1)?
-10
Suppose -158*r + 152*r + 36 = 0. Let c(a) be the third derivative of a**4/24 - a**3/3 + a**2. What is c(r)?
4
Let c = -64 + 62. Let h be (-6)/c + (-10 - 0). Let m(f) = -f**2 - 6*f + 5. Calculate m(h).
-2
Let q(i) = -3*i**2 - 8*i - 14. Let s(h) = -13*h**2 - 30*h - 57. Let o(u) = -9*q(u) + 2*s(u). Determine o(-10).
-8
Suppose -15*o - 4*p + 45 = -10*o, o - 10 = -p. Let d(a) = a**2 + 3*a - 6. Give d(o).
34
Let r(s) = s**2 + 4*s - 8. Let c be (-201)/33 - (-7)/77. What is r(c)?
4
Let p(a) be the second derivative of -13*a**3/6 + 23*a**2/2 - 3*a. Let o(i) = 7*i - 12. Let k(s) = -11*o(s) - 6*p(s). Let x be 21/(-3) - 2 - -3. What is k(x)?
-12
Suppose -4*m - 17 = 2*s + m, m = 3*s - 17. Let b(g) = 1. Let k(a) = -2 - a**2 - 9*a + 3 + 3*a. Let r(x) = s*b(x) - k(x). What is r(-6)?
3
Let t(j) = -j**3 + 12*j**2 - 12*j + 6. Let f(c) = c**3 - 13*c**2 + 13*c - 6. Let m(l) = -6*f(l) - 7*t(l). Let r be 9 + (14/28)/(1/(-10)). Give m(r).
-14
Let c be -7 - (-4)/(-12)*-3. Let s(x) be the first derivative of 6*x - 3*x**2 + 2 - 1/3*x**3. Give s(c).
6
Let i(c) = c - 3*c + 0 - 2. Suppose 0 = w + 5 - 1. Let r be 5 - ((-1)/2 + (-2)/w). What is i(r)?
-12
Let c(q) = -3*q**2 - 75*q + 4. Let f be c(-25). Let i(h) = 2*h**2 + 0*h**2 + 5*h - 3*h**2. Determine i(f).
4
Let j(g) = g**2 - 6*g - 3. Let i = -56 - -62. Let v be 7 - (4 + i/(-2)). Determine j(v).
-3
Let p(j) be the first derivative of -j**5/40 - 5*j**3/3 + 13. Let i(g) be the third derivative of p(g). Determine i(2).
-6
Let b be 9*((-16)/12 - -2). Suppose 2*t + 0 - b = 0. Let p(a) = -a**2 + a - 1. What is p(t)?
-7
Let d(k) be the third derivative of -k**4/4 - 19*k**3/6 + 451*k**2. Give d(-8).
29
Let x(r) = -r + 5. Let v be x(17). Let h be (1/(-2))/((-1)/v). Let s(c) be the third derivative of c**5/60 + c**4/4 - c**3/3 + 2*c**2. Determine s(h).
-2
Let t(v) = 15 - 48 - v**2 + 25 + 7*v. Give t(10).
-38
Let g(u) be the first derivative of -u**4/4 + u**3 - u**2 + 3*u - 179. Determine g(2).
3
Let n(y) = -7*y - 3. Let k(h) = -3. Let t(s) = s - 2. Let v(p) = -3*k(p) + 4*t(p). Let f(j) = -2*n(j) - 5*v(j). Calculate f(1).
-5
Let s(b) = -b**3 + b**2 + b - 11. Suppose -29*x + 31*x = 10. Suppose 7*h + 10 = 3*h - x*j, 0 = -3*h - 2*j - 4. Give s(h).
-11
Let y be 1 + -11 - 230/(-23). Let k(t) = 2*t**2 - 2*t - 2. Let u be k(2). Let c(a) = -4*a**u + a**3 + 2*a**2 + a**2 + 1. Calculate c(y).
1
Let l(n) be the second derivative of n**5/20 - n**3/6 - 3*n**2 + n. Let z = -48 + 48. Suppose -k = -z*k + k. Calculate l(k).
-6
Suppose -9*x + 4*q + 4 = -7*x, -3*x - q - 15 = 0. Let z(i) = -i + 5. Calculate z(x).
9
Suppose -4*f = 5*g - 0*f - 125, 4*f = 3*g - 43. Let s = g + -23. Let q(p) = 4*p**2 - 2*p**2 - p**2. Give q(s).
4
Let g(h) = 0 - 19*h + 26*h + 39 + 14. What is g(-8)?
-3
Let u(q) = q + 10. Let d(c) = c**3 - 2*c**2 - 9*c - 3. Let j be d(4). Determine u(j).
3
Let q be 8/6 + 7*(-6)/(-9). Suppose -4*t + 6 - 19 = 5*o, -q = 4*t - 2*o. Let y(s) = s + 2. Calculate y(t).
0
Let c = 14 + -6. Suppose 4*f - c = 2*f. Let x(v) be the third derivative of -v**5/60 + v**4/8 + v**3/2 + 5*v**2 - 20*v. Give x(f).
-1
Let m(p) = p + 4. Let b be m(5). Suppose 4*c - b*c + 40 = 0. Suppose 3*f - f = c. Let v(g) = g**3 - 3*g**2 - 7*g + 6. Calculate v(f).
-6
Suppose 0 = -8*h + 11*h - 21. Let w(x) = 5*x - 5. Give w(h).
30
Let d(o) = -115*o - 119*o - o**2 + 348*o + 10 - 121*o + 2*o**2. Give d(3).
-2
Let r(c) = -c - 3. Let m(a) = -a - 1. Let k(l) = 2*m(l) - r(l). Let p = 7 - 4. Suppose -3 = p*o + 3. Give k(o).
3
Let n = -17 - -22. Suppose -h - 5*k = -15, -n*h - 2*k = -1 - 5. Let t(o) be the third derivative of -o**5/60 - o**4/24 + 7*o**3/6 - 2*o**2. What is t(h)?
7
Let t(s) be the second derivative of 0 - 7/6*s**4 + 9*s - 1/2*s**2 + 0*s**3. What is t(-1)?
-15
Let v(u) be the second derivative of -u**8/6720 - u**7/1260 + u**6/360 + u**5/40 + u**4/6 - 28*u. Let t(j) be the third derivative of v(j). What is t(-2)?
-1
Let l(f) = -10 + 8*f - 5*f - 4*f + 2*f. Suppose -5*u - 8 - 7 = 4*v, -u = 3. What is l(v)?
-10
Let d(w) = w. Suppose -3*t + 39 = -4*l, 4*t - 1 = 3*t. Let c = -8 - l. What is d(c)?
1
Let c(v) be the first derivative of 3 + v - 1/2*v**2. Let z(r) = -r**3 + 8*r**2 - 9*r + 19. Let w be z(7). What is c(w)?
-4
Let x(i) = i**3 + 3*i**2 + i + 9. Let h = 568 - 572. Calculate x(h).
-11
Suppose -3*j + 2*r = 5, -12*j + 4*r - 21 = -17*j. Let u(m) = -m**3 + m**2 - m. Give u(j).
-1
Let v(t) be the second derivative of -1/12*t**4 - t**2 + 1/6*t**3 + 0 - 5*t. Calculate v(-2).
-8
Let m be ((-9)/4)/((-9)/24). Suppose -m*k - 5*i = -k + 35, -3*i - 1 = -2*k. Let b(g) = -2*g - 6. Determine b(k).
2
Let x be 0*(-2 + 3/2). Suppose 0 = 5*u + 2*k + 2, x = -k + 3 - 4. Suppose -z - 3*f - 7 = 0, -5*z + u*f - 2*f = 22. Let l(v) = 2*v. Give l(z).
-8
Let f be (-1)/(-1*1/2). Let a(t) = 3*t - 1 - f*t - 8*t. Let z(w) = -w**3 + 4*w**2 + w - 5. Let v be z(4). Calculate a(v).
6
Let n(z) = -z + 2. Let y(a) = -6*a + 16. Let x(v) = -5*n(v) + y(v). Determine x(-4).
10
Let g(d) be the second derivative of d**5/20 + 3*d**4/4 - 2*d**3 - 9*d**2 - d - 37. Determine g(-10).
2
Suppose 5*y = 7*y. Let o(s) be the second derivative of -1/2*s**2 + 0 + 5*s - 1/20*s**5 + y*s**4 + 1/3*s**